{"id":227,"date":"2015-01-24T15:20:55","date_gmt":"2015-01-24T14:20:55","guid":{"rendered":"http:\/\/gap.themelovin.com\/?page_id=227"},"modified":"2022-03-01T11:20:27","modified_gmt":"2022-03-01T10:20:27","slug":"portfolio","status":"publish","type":"page","link":"https:\/\/edwigelherbet.fr\/","title":{"rendered":"Edwige Lherbet"},"content":{"rendered":"","protected":false},"excerpt":{"rendered":"","protected":false},"author":1,"featured_media":0,"parent":0,"menu_order":0,"comment_status":"open","ping_status":"closed","template":"thmlv-page-portfolio.php","meta":[],"yoast_head":"<!-- This site is optimized with the Yoast SEO plugin v19.4 - https:\/\/yoast.com\/wordpress\/plugins\/seo\/ -->\n<title>Edwige Lherbet Edwige Lherbet | Graphiste Lot-et-Garonne<\/title>\n<meta name=\"description\" content=\"Graphiste Ind\u00e9pendante, r\u00e9alisation de supports de communications. Identit\u00e9 graphique | Affiche | Logo | Illustration | Packaging...\" \/>\n<meta name=\"robots\" content=\"index, follow, max-snippet:-1, max-image-preview:large, max-video-preview:-1\" \/>\n<link rel=\"canonical\" href=\"https:\/\/edwigelherbet.fr\/\" \/>\n<meta property=\"og:locale\" content=\"fr_FR\" \/>\n<meta property=\"og:type\" content=\"article\" \/>\n<meta property=\"og:title\" content=\"Edwige Lherbet Edwige Lherbet | Graphiste Lot-et-Garonne\" \/>\n<meta property=\"og:description\" content=\"Graphiste Ind\u00e9pendante, r\u00e9alisation de supports de communications. Identit\u00e9 graphique | Affiche | Logo | Illustration | Packaging...\" \/>\n<meta property=\"og:url\" content=\"https:\/\/edwigelherbet.fr\/\" \/>\n<meta property=\"og:site_name\" content=\"Edwige Lherbet | Graphiste Lot-et-Garonne\" \/>\n<meta property=\"article:publisher\" content=\"https:\/\/www.facebook.com\/edwige.graphiste\" \/>\n<meta property=\"article:modified_time\" content=\"2022-03-01T10:20:27+00:00\" \/>\n<meta property=\"og:image\" content=\"https:\/\/edwigelherbet.fr\/wp-content\/uploads\/2018\/08\/bdx.jpg\" \/>\n\t<meta property=\"og:image:width\" content=\"851\" \/>\n\t<meta property=\"og:image:height\" content=\"315\" \/>\n\t<meta property=\"og:image:type\" content=\"image\/jpeg\" \/>\n<meta name=\"twitter:card\" content=\"summary_large_image\" \/>\n<meta name=\"twitter:label1\" content=\"Dur\u00e9e de lecture estim\u00e9e\" \/>\n\t<meta name=\"twitter:data1\" content=\"1 minute\" \/>\n<script type=\"application\/ld+json\" class=\"yoast-schema-graph\">{\"@context\":\"https:\/\/schema.org\",\"@graph\":[{\"@type\":\"Organization\",\"@id\":\"https:\/\/edwigelherbet.fr\/#organization\",\"name\":\"Edwige Lherbet\",\"url\":\"https:\/\/edwigelherbet.fr\/\",\"sameAs\":[\"https:\/\/www.instagram.com\/edwige_lhrbt\/\",\"https:\/\/www.facebook.com\/edwige.graphiste\"],\"logo\":{\"@type\":\"ImageObject\",\"inLanguage\":\"fr-FR\",\"@id\":\"https:\/\/edwigelherbet.fr\/#\/schema\/logo\/image\/\",\"url\":\"https:\/\/edwigelherbet.fr\/wp-content\/uploads\/2021\/12\/seologo-2.jpg\",\"contentUrl\":\"https:\/\/edwigelherbet.fr\/wp-content\/uploads\/2021\/12\/seologo-2.jpg\",\"width\":314,\"height\":205,\"caption\":\"Edwige Lherbet\"},\"image\":{\"@id\":\"https:\/\/edwigelherbet.fr\/#\/schema\/logo\/image\/\"}},{\"@type\":\"WebSite\",\"@id\":\"https:\/\/edwigelherbet.fr\/#website\",\"url\":\"https:\/\/edwigelherbet.fr\/\",\"name\":\"Edwige Lherbet | Graphiste Lot-et-Garonne\",\"description\":\"Graphiste ind\u00e9pendant Lot et Garonne\",\"publisher\":{\"@id\":\"https:\/\/edwigelherbet.fr\/#organization\"},\"potentialAction\":[{\"@type\":\"SearchAction\",\"target\":{\"@type\":\"EntryPoint\",\"urlTemplate\":\"https:\/\/edwigelherbet.fr\/?s={search_term_string}\"},\"query-input\":\"required name=search_term_string\"}],\"inLanguage\":\"fr-FR\"},{\"@type\":\"WebPage\",\"@id\":\"https:\/\/edwigelherbet.fr\/\",\"url\":\"https:\/\/edwigelherbet.fr\/\",\"name\":\"Edwige Lherbet Edwige Lherbet | Graphiste Lot-et-Garonne\",\"isPartOf\":{\"@id\":\"https:\/\/edwigelherbet.fr\/#website\"},\"datePublished\":\"2015-01-24T14:20:55+00:00\",\"dateModified\":\"2022-03-01T10:20:27+00:00\",\"description\":\"Graphiste Ind\u00e9pendante, r\u00e9alisation de supports de communications. Identit\u00e9 graphique | Affiche | Logo | Illustration | Packaging...\",\"breadcrumb\":{\"@id\":\"https:\/\/edwigelherbet.fr\/#breadcrumb\"},\"inLanguage\":\"fr-FR\",\"potentialAction\":[{\"@type\":\"ReadAction\",\"target\":[\"https:\/\/edwigelherbet.fr\/\"]}]},{\"@type\":\"BreadcrumbList\",\"@id\":\"https:\/\/edwigelherbet.fr\/#breadcrumb\",\"itemListElement\":[{\"@type\":\"ListItem\",\"position\":1,\"name\":\"Accueil\",\"item\":\"https:\/\/edwigelherbet.fr\/\"},{\"@type\":\"ListItem\",\"position\":2,\"name\":\"Edwige Lherbet\"}]}]}<\/script>\n<!-- \/ Yoast SEO plugin. -->","yoast_head_json":{"title":"Edwige Lherbet Edwige Lherbet | Graphiste Lot-et-Garonne","description":"Graphiste Ind\u00e9pendante, r\u00e9alisation de supports de communications. Identit\u00e9 graphique | Affiche | Logo | Illustration | Packaging...","robots":{"index":"index","follow":"follow","max-snippet":"max-snippet:-1","max-image-preview":"max-image-preview:large","max-video-preview":"max-video-preview:-1"},"canonical":"https:\/\/edwigelherbet.fr\/","og_locale":"fr_FR","og_type":"article","og_title":"Edwige Lherbet Edwige Lherbet | Graphiste Lot-et-Garonne","og_description":"Graphiste Ind\u00e9pendante, r\u00e9alisation de supports de communications. Identit\u00e9 graphique | Affiche | Logo | Illustration | Packaging...","og_url":"https:\/\/edwigelherbet.fr\/","og_site_name":"Edwige Lherbet | Graphiste Lot-et-Garonne","article_publisher":"https:\/\/www.facebook.com\/edwige.graphiste","article_modified_time":"2022-03-01T10:20:27+00:00","og_image":[{"width":851,"height":315,"url":"https:\/\/edwigelherbet.fr\/wp-content\/uploads\/2018\/08\/bdx.jpg","type":"image\/jpeg"}],"twitter_card":"summary_large_image","twitter_misc":{"Dur\u00e9e de lecture estim\u00e9e":"1 minute"},"schema":{"@context":"https:\/\/schema.org","@graph":[{"@type":"Organization","@id":"https:\/\/edwigelherbet.fr\/#organization","name":"Edwige Lherbet","url":"https:\/\/edwigelherbet.fr\/","sameAs":["https:\/\/www.instagram.com\/edwige_lhrbt\/","https:\/\/www.facebook.com\/edwige.graphiste"],"logo":{"@type":"ImageObject","inLanguage":"fr-FR","@id":"https:\/\/edwigelherbet.fr\/#\/schema\/logo\/image\/","url":"https:\/\/edwigelherbet.fr\/wp-content\/uploads\/2021\/12\/seologo-2.jpg","contentUrl":"https:\/\/edwigelherbet.fr\/wp-content\/uploads\/2021\/12\/seologo-2.jpg","width":314,"height":205,"caption":"Edwige Lherbet"},"image":{"@id":"https:\/\/edwigelherbet.fr\/#\/schema\/logo\/image\/"}},{"@type":"WebSite","@id":"https:\/\/edwigelherbet.fr\/#website","url":"https:\/\/edwigelherbet.fr\/","name":"Edwige Lherbet | Graphiste Lot-et-Garonne","description":"Graphiste ind\u00e9pendant Lot et Garonne","publisher":{"@id":"https:\/\/edwigelherbet.fr\/#organization"},"potentialAction":[{"@type":"SearchAction","target":{"@type":"EntryPoint","urlTemplate":"https:\/\/edwigelherbet.fr\/?s={search_term_string}"},"query-input":"required name=search_term_string"}],"inLanguage":"fr-FR"},{"@type":"WebPage","@id":"https:\/\/edwigelherbet.fr\/","url":"https:\/\/edwigelherbet.fr\/","name":"Edwige Lherbet Edwige Lherbet | Graphiste Lot-et-Garonne","isPartOf":{"@id":"https:\/\/edwigelherbet.fr\/#website"},"datePublished":"2015-01-24T14:20:55+00:00","dateModified":"2022-03-01T10:20:27+00:00","description":"Graphiste Ind\u00e9pendante, r\u00e9alisation de supports de communications. Identit\u00e9 graphique | Affiche | Logo | Illustration | Packaging...","breadcrumb":{"@id":"https:\/\/edwigelherbet.fr\/#breadcrumb"},"inLanguage":"fr-FR","potentialAction":[{"@type":"ReadAction","target":["https:\/\/edwigelherbet.fr\/"]}]},{"@type":"BreadcrumbList","@id":"https:\/\/edwigelherbet.fr\/#breadcrumb","itemListElement":[{"@type":"ListItem","position":1,"name":"Accueil","item":"https:\/\/edwigelherbet.fr\/"},{"@type":"ListItem","position":2,"name":"Edwige Lherbet"}]}]}},"_links":{"self":[{"href":"https:\/\/edwigelherbet.fr\/index.php?rest_route=\/wp\/v2\/pages\/227"}],"collection":[{"href":"https:\/\/edwigelherbet.fr\/index.php?rest_route=\/wp\/v2\/pages"}],"about":[{"href":"https:\/\/edwigelherbet.fr\/index.php?rest_route=\/wp\/v2\/types\/page"}],"author":[{"embeddable":true,"href":"https:\/\/edwigelherbet.fr\/index.php?rest_route=\/wp\/v2\/users\/1"}],"replies":[{"embeddable":true,"href":"https:\/\/edwigelherbet.fr\/index.php?rest_route=%2Fwp%2Fv2%2Fcomments&post=227"}],"version-history":[{"count":12,"href":"https:\/\/edwigelherbet.fr\/index.php?rest_route=\/wp\/v2\/pages\/227\/revisions"}],"predecessor-version":[{"id":1481,"href":"https:\/\/edwigelherbet.fr\/index.php?rest_route=\/wp\/v2\/pages\/227\/revisions\/1481"}],"wp:attachment":[{"href":"https:\/\/edwigelherbet.fr\/index.php?rest_route=%2Fwp%2Fv2%2Fmedia&parent=227"}],"curies":[{"name":"wp","href":"https:\/\/api.w.org\/{rel}","templated":true}]}}